+ 9*v + 17. Let l be t(-11). Let d = l + 9. Let n = d - -31. What is the tens digit of n?
7
What is the tens digit of 8 - (-43)/(645/226080)?
8
Let j(r) = -r**3 + 9*r**2 - 10*r + 18. Let o be j(8). What is the tens digit of -240*o/(-6)*13?
4
Let y(t) be the third derivative of -t**5/60 + 2*t**4 - 11*t**3 + 104*t**2. What is the tens digit of y(16)?
4
Suppose -2*n - 8*b + 21940 = -11*b, -b = 6. What is the units digit of n?
1
Let f be 56*(7 - 34/(-14)). Let p = -200 + f. What is the hundreds digit of p?
3
Let d be -3 - (3 - 6/3). Let p = -520 - -517. What is the units digit of 0 - -111 - d*p/12?
0
Let f = -195 - -198. Suppose 0 = -4*y + 4*u + 4196, -3*u = f*y - 1642 - 1481. What is the thousands digit of y?
1
What is the ten thousands digit of ((-8)/(-12) - 4)*(-3842580)/350?
3
Let j(w) = 3282*w + 2685. What is the thousands digit of j(2)?
9
Suppose 0*g - 5*g = 2*w + 368, 0 = -5*g - 5*w - 365. Let s = g + 78. Suppose -8*h - s*h = -192. What is the units digit of h?
6
Let c(b) = 504*b**3 + b**2 - 7*b + 1. What is the tens digit of c(1)?
9
What is the ten thousands digit of (-31 - -30)/(4/(-25))*1956?
1
Suppose 4*a + k = 22 - 11, k + 21 = 4*a. Suppose 9*n - 1053 = 5*n - c, a*c + 276 = n. What is the units digit of n?
4
Let b(f) = -f**2 + 44*f + 75. Let r(l) = -21*l - 39. Let w be r(-3). What is the hundreds digit of b(w)?
5
Let j(m) = -121*m + 128. Let h be j(37). Let u = 6152 + h. What is the tens digit of u?
0
Suppose 3*c - 5 = 4. Suppose -1 = -c*u + 11. What is the tens digit of ((-51)/(-12))/(u/16)?
1
Let t = -106 + 110. Let n(s) = s. Let h be n(t). Suppose -2*f + 372 = 3*r - f, -4*f + 504 = h*r. What is the tens digit of r?
2
Let s(r) = -34*r - 455. Let x be s(-49). Suppose 22*f - x = 21*f. What is the hundreds digit of f?
2
Suppose 184*f + 2*l = 181*f + 58711, 4*l = -5*f + 97849. What is the thousands digit of f?
9
Let s be 19068/20 + (-5 - 115/(-25)). Let d = -518 + s. What is the units digit of d?
5
Let r be (3 - (-16)/(-2)) + (-5 - -2787). Suppose -5*u + 6975 = n - 5*n, 2*u + n - r = 0. What is the units digit of u?
1
Let c = 52 + -41. Suppose 2*q + c = 1. What is the tens digit of (4/(-1 - q))/(2/194)?
9
Let y = -5504 + 9951. What is the units digit of y?
7
Let u = 151 - 151. Suppose 2*j - 294 = -6*i + 3*i, u = -4*i - j + 387. What is the units digit of i?
6
Suppose -2*i = 5*o - 23626, 63*i - 64*i = 3*o - 11815. What is the ten thousands digit of i?
1
Suppose -h + 1309 = 5*u - 2*h, 3*u - 3*h = 783. Suppose -393 - u = -5*n. Suppose y - 2*j = n, 2*j - 393 = -3*y + 3*j. What is the hundreds digit of y?
1
Suppose 66*k = 267578 - 101390. What is the tens digit of k?
1
Suppose 4*t = b + 7, -2*b = t + 5 - 0. Let l be 33/(-6)*-2 + b. What is the units digit of (-18)/(-24) - 33/l*-26?
8
Let v(h) = 18*h**2 - 6*h - 9. Let r be v(6). Suppose -10*q = -r - 747. Suppose 4*n - q = -f, -4*f + 0*f + 2*n = -558. What is the tens digit of f?
3
Suppose -373*f + 1409 = -372*f. Let n = -789 + f. What is the units digit of n?
0
Let m be (1 - (-2 - 0)) + (-378)/189. What is the units digit of (5 - m*18/6) + 824?
6
Let j = -458 + 3127. Suppose -h = 4*i - j - 3778, -5*h - 5 = 0. What is the hundreds digit of i?
6
Suppose 0 = 2*r + 2*r + 52. Let i(y) be the third derivative of y**5/60 + y**4/4 - 23*y**3/6 - 23*y**2. What is the tens digit of i(r)?
6
Let b = 219 - 439. Let m be (1/(10/(-36)))/(6/b). Suppose 5*y - 5*j = 175, 5*j + m = 3*y + 31. What is the units digit of y?
7
Suppose c - 5*k = -527, -4*c - 1045 - 1139 = -k. Let o = 680 + c. What is the tens digit of o?
3
Let d = 11071 - 4195. What is the units digit of d?
6
Suppose 4*i - 8 = -2*d, 41*i - 44*i - 4*d = -1. What is the hundreds digit of i/(-1) + 1 + 411?
4
Suppose -38788 - 24416 = -6*l + 12084. What is the ten thousands digit of l?
1
Let p = 87 + -61. Let v(r) = -r**2 + 30*r + 1. Let m be v(30). What is the tens digit of 3/((2/p)/m)?
3
What is the tens digit of (-16798)/(-13) - (-25)/((-1300)/8)?
9
Suppose 0 = -4*b - 36 - 48. Let p be 7/3 + (-14)/b. Suppose -15 - 235 = -5*r + p*w, -2*w - 245 = -5*r. What is the tens digit of r?
4
Let l(t) = -t**3 + 11*t**2 + 25*t - 15. Let m be l(12). Suppose 0 = 4*p + 721 - m. Let z = -31 - p. What is the tens digit of z?
1
Let w = -66 + 71. Suppose -208 = -w*y + l, -y + 26 = -3*l - 10. What is the tens digit of y?
4
Let o be 16/(-56) - (1 - 102/14). Suppose -3*g = -3*c, o*c - g - 16 = c. Suppose -2*t = -6*x + 3*x - 246, -c*x + 335 = 3*t. What is the tens digit of t?
1
Suppose 4*d + g + 0*g = -152, -5*g - 114 = 3*d. Let s = d - -42. Suppose s*f - 256 + 40 = 0. What is the tens digit of f?
5
Let v = 56 + -53. Suppose -3*s + 8*c + 95 = v*c, -3*s = 2*c - 67. What is the units digit of s?
5
Let d be (4/6)/(3/(-16101)*2). Let w = -1153 - d. What is the hundreds digit of w?
6
Let n be (-5 - (-66)/14)*56/(-2). Suppose n*x - 9*x + 14 = 0. Suppose -19*t = -x*t - 570. What is the hundreds digit of t?
1
Let p(x) = 30*x - 34. Let l = 68 + -69. Let v be -7 + 10 - (3*l + 0). What is the tens digit of p(v)?
4
Let h(u) = 6*u + 5. Let a be h(3). Let q(p) = p**3 + 7*p**2 + 2*p + 1. Let m be q(-6). Suppose a*i + 250 = m*i. What is the units digit of i?
5
Let k(c) = 12*c - 186. Let n be k(18). Suppose -n*j - 3*j = -54054. What is the tens digit of j?
3
Suppose 5*x - 57827 = 2*i, -2*x + 23138 = 135*i - 134*i. What is the tens digit of x?
6
Suppose h - 7 = -2. Suppose -5*v - 48 = 3*k + 763, -h*v + 791 = -3*k. Let n = k - -380. What is the units digit of n?
3
Let y be (-2 - (-8)/6)*-9. Suppose y*n - 1778 = -n. Suppose 4*g - 334 = n. What is the hundreds digit of g?
1
Suppose -12*m + 12705 = 23*m. Let d = m - 38. What is the tens digit of d?
2
Let w be (-3 + 5)/(-2 + 48/23). Suppose -w = 3*y - 581. What is the hundreds digit of y?
1
Let x(o) = 3*o**2 - o - 2. Let l(n) = -11*n**2 + 100*n + 24. Let w(r) = -l(r) - 3*x(r). What is the tens digit of w(-8)?
8
Suppose 2*m - 11 = 13. What is the hundreds digit of (-834)/(-9)*18/m?
1
Let q(o) = -o + 28. Let r be 2 + ((-2)/3)/(24/468). Let m be q(r). Let j = m - 25. What is the units digit of j?
4
Suppose -2*v - r + 19 = 0, 2*v - 4 = r + r. Let d = v + -11. Let s(n) = -3*n**3 - 3*n**2 + 2*n - 11. What is the units digit of s(d)?
5
Suppose 7*s = -3*h + 3*s + 5, -4 = s. Suppose 36*o + 28952 = 92*o. Suppose -h*w = 4*w - o. What is the units digit of w?
7
Let p(z) = -21*z**3 - 2*z**2 + 11*z - 4. Let u be p(3). Let k = 1230 + u. What is the units digit of k?
4
Suppose -z - 4*z = -80. Suppose 239 = -19*g + 277. Suppose 3*y = -k + z + 23, g*k - 3*y = 105. What is the tens digit of k?
4
Suppose 6*b + 8*b = 4396. Let a = -112 + b. What is the tens digit of a?
0
Suppose -1268 + 5083 = b. Suppose 67*i + b = 74*i. What is the hundreds digit of i?
5
Suppose -2*f - 2*j = -3 + 13, 0 = -j - 5. Suppose -5*q - i = -1016, f*q + 2*i = q - 201. What is the hundreds digit of q?
2
Suppose 0 = -18*k + 13*k - 35. Let p(s) = 2*s**2 - 6*s - 25. What is the units digit of p(k)?
5
Let u(i) = 25*i**2 - 25*i - 30. Let o(a) = 50*a**2 - 52*a - 60. Let t(q) = -3*o(q) + 7*u(q). What is the thousands digit of t(8)?
1
Let c(i) = i**3 - 39*i**2 + i - 36. Let w be c(39). Suppose -11*a + 6482 = w*a. What is the hundreds digit of a?
4
What is the hundreds digit of 1204/(-168) + 7 + (-19783)/(-6)?
2
Let t be -110*1/(-2 - -4). Let i = t + 61. Suppose 5*r + 3*s = 621, -4*r = -2*s - 516 + i. What is the tens digit of r?
2
Let f(g) be the second derivative of g**3/3 + 121*g**2/2 - 2*g - 23. What is the tens digit of f(21)?
6
Let j(u) = 5*u**2 + 3*u**3 - 117*u + 99*u + 7 + 14. What is the units digit of j(5)?
1
Suppose 1069036 + 4301982 = 141*y + 879604. What is the ten thousands digit of y?
3
Let k(g) = -g**3 + 51*g**2 - 65*g - 362. What is the hundreds digit of k(49)?
2
Let z be 3/(-2)*16/(-6). Suppose 0 = 12*y - z*y - 1664. What is the tens digit of y?
0
Let s be 5*((-291)/20)/(4/(-16)). Suppose -2454 + s = -3*d - 4*p, 0 = p. What is the units digit of d?
1
Let o(w) = 141*w**2 - 2*w + 37. What is the hundreds digit of o(4)?
2
Suppose 13*p = 9*p - 4. What is the units digit of (p - 97)/(28/(-56))?
6
Let h = 5 - 1. Suppose h*r - 13 = -5. What is the tens digit of (-45)/30*(-220)/r?
6
Suppose 3228290 = 165*v - 339340. What is the ten thousands digit of v?
2
Let v(j) = 30*j**2 + 339*j + 11650.